ase 10.
-135
15 (base 10) to base 8
17
2 (base 6) to base 14
2
102 (base 10) to base 16
66
Convert -14 (base 6) to base 9.
-11
-3 (base 6) to base 7
-3
What is -3 (base 4) in base 5?
-3
What is 61 (base 10) in base 8?
75
Convert -3 (base 10) to base 3.
-10
-122 (base 8) to base 10
-82
33 (base 12) to base 16
27
Convert 3 (base 14) to base 5.
3
Convert -125 (base 6) to base 16.
-35
What is -20 (base 3) in base 5?
-11
-29 (base 12) to base 16
-21
What is -1011 (base 5) in base 3?
-11212
What is 0 (base 13) in base 12?
0
Convert 1 (base 13) to base 10.
1
Convert -71 (base 16) to base 14.
-81
What is 153 (base 6) in base 10?
69
1201 (base 3) to base 7
64
Convert 0 (base 4) to base 8.
0
Convert -100001000 (base 2) to base 4.
-10020
What is 101 (base 6) in base 5?
122
20 (base 4) to base 10
8
Convert -24 (base 9) to base 2.
-10110
140 (base 12) to base 4
3000
4 (base 12) to base 15
4
Convert -35 (base 13) to base 10.
-44
11 (base 7) to base 3
22
What is 16 (base 7) in base 14?
d
Convert 1111 (base 2) to base 7.
21
What is -49 (base 13) in base 12?
-51
What is 1 (base 8) in base 15?
1
1c (base 13) to base 3
221
What is -1 (base 9) in base 5?
-1
What is -fe (base 16) in base 14?
-142
Convert -1 (base 11) to base 5.
-1
What is 6b (base 14) in base 2?
1011111
Convert 1 (base 2) to base 9.
1
What is -11 (base 2) in base 7?
-3
Convert -101 (base 2) to base 12.
-5
43 (base 8) to base 14
27
What is -100 (base 2) in base 6?
-4
What is 14 (base 12) in base 14?
12
d (base 15) to base 13
10
-3a (base 13) to base 15
-34
What is 100010101 (base 2) in base 12?
1b1
Convert -37 (base 13) to base 8.
-56
What is -112 (base 7) in base 16?
-3a
What is -2 (base 8) in base 14?
-2
Convert -214 (base 10) to base 14.
-114
What is 44 (base 10) in base 11?
40
What is -2 (base 7) in base 10?
-2
-63 (base 8) to base 9
-56
What is -55 (base 6) in base 3?
-1022
What is 7 (base 16) in base 11?
7
-88 (base 10) to base 3
-10021
What is 55 (base 11) in base 6?
140
Convert -26 (base 15) to base 16.
-24
-7 (base 12) to base 15
-7
-110011111 (base 2) to base 6
-1531
Convert 1222 (base 3) to base 9.
58
-5 (base 15) to base 13
-5
What is 2 (base 8) in base 15?
2
What is -6 (base 11) in base 14?
-6
What is 3 (base 4) in base 7?
3
Convert -8a (base 11) to base 16.
-62
Convert -3 (base 12) to base 3.
-10
What is -2 (base 5) in base 10?
-2
87 (base 16) to base 13
a5
-1 (base 3) to base 8
-1
Convert 22 (base 4) to base 15.
a
What is 213 (base 8) in base 7?
256
10 (base 3) to base 12
3
4 (base 16) to base 12
4
Convert 11 (base 9) to base 15.
a
Convert 8 (base 11) to base 3.
22
16 (base 9) to base 14
11
104 (base 5) to base 12
25
Convert 3 (base 14) to base 7.
3
10 (base 4) to base 16
4
What is 22 (base 4) in base 3?
101
What is 35 (base 12) in base 9?
45
Convert -40 (base 5) to base 3.
-202
a (base 14) to base 5
20
-3 (base 4) to base 9
-3
What is -25 (base 16) in base 13?
-2b
Convert 8 (base 15) to base 2.
1000
45 (base 10) to base 5
140
What is -79 (base 10) in base 14?
-59
Convert 154 (base 6) to base 13.
55
What is 4a (base 13) in base 6?
142
Convert 1 (base 2) to base 9.
1
Convert 13 (base 8) to base 10.
11
-10 (base 9) to base 8
-11
Convert 13 (base 6) to base 9.
10
Convert -11 (base 8) to base 4.
-21
Convert 27 (base 14) to base 12.
2b
-14 (base 11) to base 9
-16
-10 (base 9) to base 4
-21
-110011 (base 2) to base 7
-102
-152 (base 9) to base 6
-332
2 (base 5) to base 13
2
What is -1 (base 15) in base 3?
-1
What is -a1 (base 12) in base 9?
-144
10 (base 4) to base 10
4
What is 47 (base 14) in base 16?
3f
What is 13 (base 15) in base 10?
18
-64 (base 9) to base 15
-3d
-2e (base 15) to base 5
-134
Convert 16 (base 7) to base 5.
23
2 (base 16) to base 14
2
Convert -7a (base 12) to base 9.
-114
16 (base 9) to base 16
f
What is -3 (base 15) in base 9?
-3
Convert -4 (base 8) to base 13.
-4
What is -5 (base 10) in base 5?
-10
-150 (base 10) to base 11
-127
-2 (base 7) to base 13
-2
What is 0 (base 10) in base 6?
0
What is 10 (base 8) in base 5?
13
1 (base 5) to base 3
1
What is 0 (base 2) in base 4?
0
What is 28 (base 15) in base 5?
123
Convert 1 (base 6) to base 4.
1
1 (base 7) to base 5
1
Convert -2 (base 7) to base 8.
-2
1 (base 4) to base 3
1
10 (base 10) to base 11
a
What is -3 (base 4) in base 11?
-3
Convert -11 (base 6) to base 15.
-7
Convert 122 (base 4) to base 12.
22
Convert 13 (base 16) to base 15.
14
What is -26 (base 12) in base 6?
-50
-2023 (base 5) to base 2
-100000111
Convert -100 (base 2) to base 13.
-4
Convert 3 (base 10) to base 14.
3
-1 (base 13) to base 4
-1
10 (base 2) to base 8
2
Convert -10 (base 3) to base 15.
-3
Convert 4 (base 5) to base 16.
4
-3 (base 11) to base 9
-3
-1 (base 15) to base 7
-1
133 (base 8) to base 11
83
Convert 1 (base 2) to base 5.
1
What is 104 (base 8) in base 10?
68
Convert -6 (base 7) to base 3.
-20
2 (base 16) to base 3
2
Convert 1b (base 13) to base 3.
220
0 (base 10) to base 3
0
What is -17 (base 12) in base 15?
-14
Convert -68 (base 10) to base 9.
-75
54 (base 8) to base 4
230
-18 (base 16) to base 13
-1b
What is 1303 (base 5) in base 9?
245
What is 2 (base 12) in base 8?
2
-136 (base 12) to base 9
-226
Convert 0 (base 3) to base 8.
0
-15 (base 11) to base 3
-121
-3 (base 5) to base 13
-3
What is 0 (base 2) in base 8?
0
What is -1102 (base 3) in base 6?
-102
Convert -111 (base 5) to base 16.
-1f
-2 (base 13) to base 5
-2
Convert -3 (base 14) to base 12.
-3
Convert -6 (base 14) to base 7.
-6
Convert 11 (base 14) to base 7.
21
Convert 167 (base 8) to base 2.
1110111
3 (base 11) to base 14
3
-7 (base 13) to base 4
-13
What is 69 (base 12) in base 2?
1010001
Convert -246 (base 8) to base 6.
-434
Convert -3 (base 6) to base 3.
-10
What is 10010 (base 2) in base 6?
30
-13 (base 11) to base 16
-e
Convert 14 (base 15) to base 8.
23
What is -1 (base 4) in base 6?
-1
Convert 20 (base 6) to base 10.
12
Convert 5 (base 14) to base 5.
10
What is 2120 (base 3) in base 15?
49
What is 3 (base 14) in base 10?
3
Convert 10001 (base 2) to base 11.
16
What is 13 (base 4) in base 7?
10
What is -14 (base 8) in base 6?
-20
-1 (base 8) to base 4
-1
What is 38 (base 13) in base 9?
52
What is 153 (base 11) in base 8?
263
What is -42 (base 15) in base 2?
-111110
10 (base 4) to base 7
4
What is -3 (base 7) in base 5?
-3
11 (base 2) to base 16
3
What is -1 (base 4) in base 12?
-1
Convert 11 (base 3) to base 4.
10
What is 0 (base 6) in base 2?
0
What is -14 (base 11) in base 4?
-33
Convert -100011000 (base 2) to base 8.
-430
-8 (base 16) to base 9
-8
What is -47 (base 15) in base 11?
-61
What is 4 (base 7) in base 10?
4
Convert -232 (base 5) to base 16.
-43
Convert -221 (base 3) to base 11.
-23
Convert -24 (base 6) to base 12.
-14
What is 10 (base 8) in base 7?
11
What is -13 (base 6) in base 14?
-9
-6 (base 9) to base 15
-6
Convert -12d (base 15) to base 9.
-327
-35 (base 14) to base 2
-101111
10 (base 2) to base 15
2
Convert 75 (base 8) to base 16.
3d
12 (base 11) to base 5
23
35 (base 6) to base 4
113
0 (base 9) to base 14
0
Convert -11 (base 4) to base 16.
-5
3 (base 13) to base 9
3
What is -40 (base 7) in base 16?
-1c
What is -6 (base 12) in base 7?
-6
-8 (base 10) to base 15
-8
What is -2031 (base 4) in base 16?
-8d
51 (base 11) to base 8
70
What is 11 (base 3) in base 2?
100
Convert 2121 (base 3) to base 12.
5a
-3 (base 14) to base 12
-3
What is -20 (base 11) in base 9?
-24
a (base 13) to base 10
10
-1000101 (base 2) to base 3
-2120
Convert 10 (base 2) to base 15.
2
What is -2 (base 13) in base 8?
-2
What is 4 (base 16) in base 7?
4
100 (base 2) to base 6
4
a (base 12) to base 7
13
39 (base 16) to base 6
133
Convert 54 (base 9) to base 4.
301
Convert 1101 (base 4) to base 16.
51
Convert -2 (base 16) to base 14.
-2
85 (base 16) to base 8
205
Convert 10 (base 2) to base 4.
2
What is -1101000 (base 2) in base 12?
-88
-1 (base 14) to base 5
-1
-16c (base 16) to base 7
-1030
Convert 1 (base 16) to base 12.
1
What is a2 (base 14) in base 11?
11a
Convert -11 (base 3) to base 14.
-4
16 (base 9) to base 6
23
Convert -d (base 14) to base 6.
-21
What is -117 (base 10) in base 7?
-225
Convert 158 (base 11) to base 13.
112
What is -2 (base 15) in base 2?
-10
Convert -1 (base 15) to base 16.
-1
-111 (base 2) to base 7
-10
What is -2 (base 5) in base 16?
-2
Convert 10 (base 